-2
Evaluate -11 + 60 + (446 + -432 - (15 + 1)).
47
What is the value of -56 + (-2 + 27 - (-25 - -55))?
-61
Calculate (-150 - -120) + 7 + (2 - (16 + -1)).
-36
What is the value of -167 + 264 + -71 + -90?
-64
What is -36 + 12 + -54 + 46?
-32
What is 14 - (-88 - -164) - -79?
17
Calculate 1 + (2 - (32 + -27 + (1 - 4))) + -49.
-48
Calculate -17 + 6 + (-84 - -102 - (12 - -2)).
-7
Evaluate (6 - 44) + -4876 + 4861.
-53
What is the value of (9064 - 9046) + 0 + 0 + 6?
24
What is the value of (-662 - -756) + (0 - 27)?
67
What is the value of 7 - (23 - 18 - -3) - (8 - 4)?
-5
What is 205 - (153 - (-76 - -140))?
116
What is 81 + (67 + -117 - -103)?
134
Calculate (-1193 - -1101) + 42 + 2.
-48
What is -22 + (-21 - 112 - -83 - (-1 - -23))?
-94
(-18 - -15 - -19) + -11 - (102 - 33)
-64
What is (-1 - 10) + -31 + -3 + -18?
-63
-80 - (-30 + -19) - 42
-73
Calculate -96 - (-68 + (-7 - 6)).
-15
What is the value of (129 - (-108 + 241)) + (-1 - 147)?
-152
Evaluate 1 + -4 - (12 + 17) - 1.
-33
What is -68 + 12 + -118 + 240?
66
Calculate 26 - 0 - (67 - 60).
19
What is the value of -42 + 27 - (19 - 37 - -13) - (-3 + -39)?
32
Evaluate 0 + (0 - -10) + 74 + 37 + (29 - 105).
45
What is 21 + 6 + -10 + -3 - 51?
-37
What is (-1 - -5 - (5 - 11)) + 32 + -99 + 13?
-44
Evaluate (-1 + -25 - (8 + -5)) + (6390 - 6408).
-47
Evaluate (-8 - (-44 + 30)) + -3 + 27.
30
48 - ((-7 - 7) + -4 + 8 + -1)
59
What is (2952 - 2946) + -9 + 0?
-3
Evaluate 11 - ((-27 - 24) + 68).
-6
What is the value of 2 - 132 - (2146 - 2246)?
-30
What is 47 - (59 - (-49 + 97))?
36
Calculate -2 + 31 + (-72 - (-120 + 65)).
12
What is 37 + -4 - (-395 - -390)?
38
Evaluate -34 + -41 + 20 + 60.
5
Evaluate -36 + (23 - -94) + -196.
-115
Calculate 21 + (12 + -13 - 7) - (-9 + 7 + 1).
14
What is (0 - 16) + 41 - (85 - 146)?
86
Evaluate -14 + 18 + -4 + 3 + -6 + -73 + -15.
-91
(28 - 0) + (10 - -53) + -57 + (2 - 13)
23
Evaluate 77 + (-293 - -62) + 73.
-81
What is 811 - 796 - (-5 - (2 + -1)) - 0?
21
What is 2 + (-2 - 2) + (101 - 91) + 1?
9
Evaluate 26 + (4 + -21 - -8 - -24) + 1.
42
What is -29 + 36 + 1 + -27 - (8 + -64)?
37
What is (29 + 12 + -2 + -17 - 3 - -1) + -8?
12
What is ((33 - 14) + -4 - 0) + -42 + 0?
-27
What is the value of (2 - 19) + 18 - -15 - (2 - 13)?
27
What is the value of -32 - (14 + -52) - -31?
37
Evaluate (-14 - -7) + 53 - (4 + (0 - -7)).
35
(-1 - (-2 + -3 + 8)) + 10 + 2 - -28
36
Evaluate -3 + (-5 - (-6 - -2) - 18) + 9.
-13
What is -23 + 20 - 12 - -31 - 55?
-39
-17 + 26 + -22 - -12 - -27
26
What is the value of -10 + 26 - (-16 - -53 - 32)?
11
Calculate -4 - (-2 - (-9 - -1 - 3) - 19) - -8.
14
Evaluate -21 + -70 + -20 + 141.
30
What is 31 + -9 + (-26 - -21) + 5 + -12 + 1?
11
Calculate (-87 - (117 - 145)) + -40.
-99
What is -8 - ((-6 - 12) + -50 + 23)?
37
What is 8 - (28 + (-7 - -8 - -5))?
-26
What is -38 - (15 + 7) - (-150 + 113)?
-23
Calculate (10 - -41) + -73 - -7.
-15
What is 45 + 33 - 67 - -13?
24
Evaluate 50 + 0 - (-3486 + 3562).
-26
What is 1 - (-4 + (0 - (-14 - -9)) + (14 - -27))?
-41
Evaluate 102 - (1 - 3) - ((12 - -9) + (18 - 38)).
103
What is the value of 68 - (-6 + (-145 - -165) + (-22 - -2))?
74
What is 31 + -8 + (30 - 28)?
25
(1 - 37 - (-297 + 264)) + 30
27
What is the value of 8 + 0 + 31 + (-36 - (-66 + 41))?
28
Calculate 8512 + -8494 - (1 + 1 - (-2 - (-5 - -1))).
18
Evaluate -16 - ((18 - 78) + 63 - (-2 + -1 + 19)).
-3
What is the value of 1 + 12 - ((-19 - (-13 - 10)) + 12)?
-3
What is -634 + 635 - (42 - 6)?
-35
Calculate (95 - 2) + 11 + -45.
59
(0 - -23) + -1287 + 1297
33
(-25 - (12 + -112)) + -17 + (10 - 8)
60
83 + -111 + 9 + -11 + 2
-28
What is the value of 40 + 29 + (-43 - -1)?
27
-10 + -4 + (54 - (19 + -13 - (14 + 0)))
48
77 - 173 - -80 - 18
-34
Calculate -888 - -841 - (2 + -71).
22
What is the value of 47 - (-18 + 8 + -11 - -9 - 2)?
61
What is -70 - -2 - (32 + 7 - 37)?
-70
Calculate 11 + (-6 - 15 - (77 + -52)).
-35
-26 + (49 - 48) + 97 - (1 + 2)
69
Calculate 51 - (-49 - (31 - 121)).
10
-4 - -13 - (-2 - (11 - 13) - -6)
3
What is the value of (-16 + 27 + -6 - -9) + 21?
35
Calculate -27 - 13 - (3 + -60 + 90).
-73
What is -33 - (52 + (11 - 46) + 28)?
-78
What is (-2 - 68) + (4 - -33)?
-33
-202 + 209 - (-2 - -24) - (1 + -61)
45
Calculate (1 - (1 - -53)) + (405 - 423 - (-3 + -22)).
-46
Evaluate -1 + -1 + 3 - -12 - (5756 - 5784).
41
Evaluate 2883 + -2979 - (0 + -1 - (-9 - (-10 + 3))).
-97
Calculate -57 - ((58 - 63) + (-1 - -26)).
-77
-9 - 0 - (-764 - -748 - (0 + -1))
6
What is the value of 3 - 29 - (-2057 + 2019)?
12
What is the value of (126 - 87) + -48 - (14 - (-1 - 0))?
-24
-1 + (21 - 1) - (-743 + 727)
35
Evaluate -25 - 1 - (-81 + 57).
-2
What is 7 + (16 - 47) + 17 - (-51 - 1 - 1)?
46
What is -13 + (-17 - (-6 - 3)) + (5 + 0 - 4)?
-20
-109 - (63 + -140) - (-1 + 24)
-55
What is the value of 5 + -6 + -9 - (102 + 1)?
-113
Evaluate -105 + 125 + -153 + 76.
-57
What is the value of 1 - 12 - (7 + 1 + (-53 - -20 - -20))?
-6
What is the value of -16 + -2 + 12 + -1 - (-13 - -1)?
5
Calculate 14 - (-4 - 8 - 3 - -46 - 15).
-2
Calculate 74 + -4 + -44 + -76.
-50
Evaluate -21 + (15 - 22) + -11 + 44.
5
Calculate -1 + (1 - -4) - (-12 - (-2 - 24)) - 6.
-16
What is the value of (-5 + -13 + 15 - -5 - (3 + -4)) + -106?
-103
What is 8 - (35 + ((10 - 5) + -4 - -2))?
-30
What is -95 - (-34 + 71 - 45) - -35?
-52
Calculate 1 + -14 + -477 + 455.
-35
Evaluate -92 - -230 - 18 - (3 + 1).
116
27 + -8 + -17 + -27 + -27
-52
Evaluate -11 + 0 + (17 + 12 - 77) + -4.
-63
What is -92 + 95 + -28 + (19 - 1)?
-7
Calculate 7 + -3 + 0 + -17 - (0 - 3).
-10
-3 + (24 - (-6 + -8)) - 20
15
What is the value of -38 + (30 - (-50 + 40))?
2
What is the value of 31 - (34 + 5) - 0?
-8
What is -334 + 252 + -19 + 10 + (-2 - -12)?
-81
Calculate 3 - (-2 - (9 - (-12 - -36))) - -44.
34
What is 73 + (84 - 64) + -149?
-56
What is (-1 - 2 - 3) + 19 + -106 + 48?
-45
Evaluate (9 - 46) + 73 + -59.
-23
-78 + (129 - (89 + -18))
-20
Calculate (-3 - -8 - -5 - 3) + (21 - (-19 + -1)).
48
What is -39 + 3 + 0 + (-5 - -5) + -10 + 4?
-42
-213 - -256 - (-1 + 74)
-30
What is -25 + (18 - (28 - 1)) + 3?
-31
What is the value of -12 + -15 + (-16 - -32) + -3?
-14
(87 - 52) + (-5 - 9)
21
What is (-13 - -30) + -71 + 49 + 94?
89
0 + 36 - (4 + (-147 - -144 - (1 - -3)))
39
What is the value of -7 + 2 + -3 + 2 + -27 + 5?
-28
What is the value of (-78 + 8 - 10) + (8 - (-4 - -26))?
-94
38 - (-17 + 4 + -2 + 2 + 9)
42
What is the value of -3 + -31 + -1 + 0 - (47 + -36)?
-46
Calculate 4 + 1 - 24 - -27 - -16.
24
What is -7 + 76 - -20 - (-13 - -21)?
81
Calculate 23 - -9 - (-1421 - -1539).
-86
Calculate -63 + -18 + (-33 - -45 - (5 - 1)) - 0.
-73
Evaluate -54 + (-1 - -3 - -8 - 8) + (-23 - -33).
-42
3 + -1 + (-37 + -65 - -27)
-73
What is the value of (-2 - (0 + 3 - 13)) + (279 - 331) - 6?
-50
(-19 - (-31 - -29)) + (31 - 15 - 3)
-4
What is -39 + 64 + (48 - 96)?
-23
What is the value of -39 - (39 - 78) - 42?
-42
Evaluate -40 + 14 + 0 + (-12 - -33 - 33).
-38
What is the value of 33 - ((9 - 4) + -8 - 0)?
36
40 + -13 - (-5 - (-13 + 26))
45
What is the value of (-42 - -6) + -19 + 6 + 31?
-18
Calculate -11 + -66 + 35 + 2 + 15 + 67 + 0.
42
What is (-141 - -72) + (-9 - -2) + -17 + 17 + 12?
-64
(-13 - -1) + -5 + -15 + 19 + 0
-13
85 + (7 - 30) - (-1 - -13)
50
(22 - (-28 + 68)) + -6 - -4
-20
What is the value of (8 + (-10 - -37) + 10 - (3 + 2)) + -2?
38
Calculate 55 - (-36 + (109 - -13)).
-31
Evaluate 7 + (1006 - 1093 - (-2 + 1)).
-79
Calculate (8 + 2 - (-26 - -15 - 36)) + -2 + 7.
62
Calculate -167 + (-40 - -90) - -144.
27
0 + 2 - -6 - (-17 + (21 + -31 - 18))
53
Calculate 98 + (-14 - (-29 + -39 + 23)).
129
Calculate 19 - (13 + -16 + 28) - (7 - 2).
-11
What is 0 + 76 + -103 + 77 + 23?
73
What is -3 - -2 - (-24 - 3 - -40)?
-14
What is the value of 24 + 13 + (-41 - -14)?
10
What is the value of -41 - (-17 - (54 - 25))?
5
(-56 - (-7 - -1)) + 5 + 16 + -17
-46
Calculate (-5 - 1) + 33 + -7 + 1 + 8 + 8.
37
Evaluate -62 + -1 + (16 - (-13 + 4 + 17)).
-55
What is -630 - -563 - (3 + (-10 - -4) + 12)?
-76
Evaluate 27 - (27 - (35 + 6 - 25)) - -5.
21
What is the value of (-21 - 0) + 19 - -15 - (4 + 53)?
-44
Evaluate (107 - 68) + -35 + (2 - (-107 + -1)).
114
Calculate -74 - (-2 - -63 - 65).
-70
What is the value of (2 + -25 - (0 - -15 - 35)) + (-4 - 0)?
-7
Calculate 168 - ((-62 - -116) + 62).
52
What is the value of 0 + 20